s the units digit of n?
8
Suppose -3 - 6 = 3*c, 4*v + 2*c - 394 = 0. What is the hundreds digit of v?
1
Suppose -241 = -8*f + 7. What is the tens digit of f?
3
Suppose 4*c = 21 - 5. Let g(t) = t - c + 11 - 2*t. What is the units digit of g(3)?
4
What is the tens digit of 19/((-12)/14 + 1)?
3
Let j(x) = -x - 4. Let y be j(5). Let m = 5 + y. What is the units digit of 2/(-8) - 53/m?
3
Suppose 2*l + 2*i = 106, 4*i - 40 = 4*l - 252. What is the tens digit of l?
5
Let k be 2/(-3) - 2/6. Let r be 0 + (k - 3*-1). Suppose 4*u + r = 3*n - n, -2 = -n + u. What is the units digit of n?
3
Let j be 3 + 1 - (-43 - -2). Suppose -x + 6 - 4 = 0. Suppose x*d = -d + j. What is the tens digit of d?
1
Suppose -9*t + 14*t = 0. Let m = t + 17. What is the tens digit of m?
1
Let v = -10 + 29. What is the tens digit of v?
1
Suppose 0 = -2*x - 2*r - 3*r + 54, -5*x + 5*r + 170 = 0. What is the tens digit of x?
3
Let r = 9 - 5. What is the tens digit of 30 + -4 + (4 - r)?
2
Suppose -r + 3*r = b + 8, -2*b - 2*r - 28 = 0. Let h = 37 + b. What is the units digit of h?
5
Suppose 3*i = -5*o + 6*i + 200, i - 48 = -o. What is the units digit of o?
3
Suppose 5*y - 2*n = 23, -y + 2*n = -4 + 1. Suppose -y*k = -9 - 1. What is the units digit of k?
2
Let r be -20*((-21)/12 - -1). Suppose 14*y = r*y - 30. What is the units digit of y?
0
Let c = 113 + -50. What is the tens digit of c?
6
Let l(d) = -d**3 + d**2 + 4. Let k be l(0). Let b = 5 - 4. Let x = b + k. What is the units digit of x?
5
Let p(k) = k**3 - 17*k**2 - 12*k - 41. What is the units digit of p(19)?
3
Let z(f) = f**2 - 6*f - 1. Let o be z(6). Let s = 3 - o. Suppose 2*r - 4 = r - x, -5*x + 13 = s*r. What is the units digit of r?
7
Let b be (-2 - -3)*4 + -1. Suppose b*t - 4 = 2*t. Suppose -t*z = 3 - 7, 2*x - 3 = -z. What is the units digit of x?
1
Let y(p) = p**3 - 12*p**2 - 1. Let c be y(12). Let w(k) be the third derivative of -k**5/60 - k**4/8 - k**3/6 + k**2. What is the units digit of w(c)?
1
Suppose -5*t - 2 = 13. Suppose -5*c = -c - 16. Let m = c + t. What is the units digit of m?
1
Let c be 1/(-2)*36/(-9). What is the tens digit of ((c - 3)*58)/(-2)?
2
Suppose 15*o - 19*o = -256. What is the units digit of o?
4
Suppose 11*t - 2*n + 15 = 6*t, 4*n + 15 = -5*t. Let w = -1 + 10. Let v = t + w. What is the units digit of v?
6
Suppose -4*y + 5*f - 12 = 0, 3*y - 2 = -2*f + 12. What is the units digit of y/(-3) - 184/(-24)?
7
Let i(j) = -j + 1. Let p = 2 - -1. Let c(o) = -2*o**2 - 8*o - 1. Let x(h) = p*i(h) - c(h). What is the units digit of x(-3)?
7
Suppose 3*q = a + 6, 3*q + 0*q + 4*a = 6. Let m be ((-1)/q)/((-1)/(-26)). Let s = m - -22. What is the units digit of s?
9
Suppose 0 = -3*t - 2*o - 10, 0*o - 18 = 5*t + 3*o. Let h(m) = -12*m + 1. Let z be h(-1). Let c = t + z. What is the units digit of c?
7
Suppose -4 + 16 = 3*n. Suppose 0 = g - 5*b + 3*b + 12, -n = 5*g + 4*b. What is the units digit of (-11)/(-2)*(6 + g)?
1
Let o be 66/15 - (-2)/(-5). Let v be o/10 - 102/5. What is the units digit of 2/6 - v/3?
7
Let b(r) = 5*r**2 - 5. Let w(a) = -a + 4. Let p be w(6). What is the units digit of b(p)?
5
Suppose -5*z = 5*d - 2 + 7, 3 = -3*d. Suppose 0*b - b = y - 2, b - y = z. What is the units digit of b?
1
What is the units digit of (43*-1)/(-16 - -15)?
3
Suppose -2 = -0*c - c. Let s be (1 - c) + -1*9. What is the units digit of 114/15 - 4/s?
8
Let n be (0 - (1 + 3))*-22. Suppose 5*j - 4*i = 110, 3*i = 2*j + 2*j - n. What is the tens digit of j?
2
Let h be 116/12 - 2/3. Let z = -3 + h. What is the units digit of z?
6
Suppose -2*k + 5*k = 5*f + 115, 165 = 4*k + 5*f. What is the units digit of k?
0
Let q(u) = 3*u**2 + u. What is the tens digit of q(-2)?
1
Suppose -2*f + 3*i + 6 = 0, 4*f = 5*i + 7 + 9. Suppose -a - f = 2*a. What is the units digit of (a + 6)*(-1)/(-3)?
1
Suppose 2*t = 7*t - 60. Let w be 1 + 4*(-1)/1. Let p = t + w. What is the units digit of p?
9
Let s(g) be the third derivative of 3/20*g**5 - 1/120*g**6 + 0 + 11/24*g**4 + 4*g**2 + 0*g + 1/3*g**3. What is the units digit of s(10)?
2
Suppose t - 2 = -0*t. Let p = 8 - t. What is the units digit of p?
6
Let b(k) = 65*k**2 - k - 1. What is the tens digit of b(1)?
6
Let j be (-8)/(-6)*(-15 - -6). Let c = j + 31. What is the units digit of c?
9
Suppose 5*b = 4 + 46. What is the units digit of (b/15)/((-2)/(-6))?
2
Suppose -7 = -b + 1. Suppose -r - b = -43. Suppose -1 = 2*x - r. What is the tens digit of x?
1
Suppose -a + 6*a = 10. Suppose -n + 4*r = 10, -3*r + 75 = 5*n + a*r. What is the units digit of n?
0
Suppose -10 = 2*z - 3*z. Let c = z + -7. Suppose 0 = -k - 4*i, -c*k = -k - 4*i - 24. What is the units digit of k?
8
Let f = -9 + 8. Let x(b) = 17*b**2 - b. What is the units digit of x(f)?
8
Suppose 0 = -g + 5*g - 48. Let l = g - 11. What is the units digit of l?
1
Let y = 21 + 0. What is the tens digit of y?
2
Let y(l) = -l**3 + 14*l**2 + 1. What is the units digit of y(14)?
1
What is the units digit of 146/12 + (-2)/12?
2
Suppose 337 = m - 4*a + 37, 595 = 2*m - 3*a. What is the units digit of m/40 - 2/5?
7
Let w be 14/6 + 12/(-9). What is the units digit of 11 + 8 + -2*w?
7
Let q be 2 + (6 - 2)/2. Let u be 27/q - (-1)/4. Let l = -2 + u. What is the units digit of l?
5
Let b = 6 + -4. Suppose 5*z - 4*x = -16, 2*z + 4*x = -2*z + 16. Let g = b + z. What is the units digit of g?
2
Let c = 2 - 1. Suppose -14 = -b - c. What is the tens digit of b?
1
Let c(s) = -s**3 + 11*s**2 + 12*s + 4. Let q = 5 - -7. Let z be c(q). Suppose o + o + 2*y = 24, 5*y = -z*o + 43. What is the units digit of o?
7
Let s(j) = -j**2 + 7*j + 2. Let v be s(7). What is the tens digit of (-56)/(-4)*(v + -1)?
1
Let o(d) = -25*d + 4. What is the tens digit of o(-2)?
5
Let z(m) be the third derivative of m**4/12 - 2*m**2. Let o be z(-1). Let h = o - -4. What is the units digit of h?
2
Suppose 2*i = 5*n - 2*n - 5, -3*n - 5*i + 40 = 0. What is the tens digit of 16 + (n + 1)/(-3)?
1
Let k(i) = -2*i + 3. Let b be k(6). Let l(z) = -z**3 - 9*z**2 - 6. Let t be l(b). Let u(x) = x**2 + 5*x - 5. What is the units digit of u(t)?
1
Suppose 0 = -c - 12 + 37. What is the tens digit of c?
2
Suppose 2*s = -2*b + 3*b - 56, 4*s = 3*b - 162. What is the units digit of b?
0
Suppose 3*i - 5*l - 161 = -0*i, 5*l = 5*i - 265. What is the units digit of i?
2
Let y(m) = -m**2 + 8*m - 6. Let t be y(5). Suppose t*o - 40 = 4*o. What is the units digit of o?
8
Let x = -15 - -25. Let h = x - 5. What is the units digit of h?
5
Let d be (15 + -16)*(-15 - 1). What is the units digit of (-148)/d*2*-2?
7
Let o(g) be the second derivative of -g**6/180 - g**5/30 - g**4/4 - g. Let q(s) be the third derivative of o(s). What is the tens digit of q(-4)?
1
Suppose 135 = 5*a + 4*n, 4*a - n = -0*n + 129. What is the units digit of a?
1
Let r(o) = 22*o**2 + o - 2. Suppose 5*i - 7 = 2*d - 3*d, 5*i - 3*d = -1. What is the tens digit of r(i)?
2
Suppose 5*c = 124 + 116. Let l = c + -27. What is the units digit of l?
1
Let r(o) = o + 9. Suppose 5*q - q = 3*f + 19, q + 2*f - 2 = 0. Suppose p + 26 = -q*j, 2*j + 9 - 3 = -4*p. What is the units digit of r(j)?
2
Suppose -4*z - 2 = -6. What is the units digit of (z - 3)*10/(-4)?
5
Let d be -33*-1*(-10)/6 + -1. Let s(h) = 9*h + 7. Let w be s(-5). Let u = w - d. What is the units digit of u?
8
Let o = -21 + 12. What is the tens digit of 14*(o/3)/(-3)?
1
Let z = 6 + -2. Suppose u + 0*u + 3*a = 13, -5*u + 32 = z*a. Let n(i) = i**2 - i + 4. What is the units digit of n(u)?
6
Let t(q) = 3*q**2 + 8*q + 5. What is the units digit of t(8)?
1
Let l = 25 - 25. Suppose -5*p + 25 = l, 5*p + 4 = -t + 2*t. What is the units digit of t?
9
Let l(v) be the first derivative of -v**3/3 + 12*v + 3. What is the tens digit of l(0)?
1
Let v = -1 - -21. What is the units digit of v?
0
Let u(m) = -m**3 + 11*m**2 - 5*m - 12. What is the units digit of u(9)?
5
Let n be (2*7)/(-1 + -1). Let x(t) = t**3 + 7*t**2 + 6*t - 4. Let h be x(n). Let k = -25 - h. What is the units digit of k?
1
Let w(h) = -9*h**3 + h. Let q be w(-1). Let r be 4*3/q*-2. What is the units digit of (1 - -1)/(r/(-9))?
6
Let d(z) = z**2 + 3*z - 2. Let w be d(-4). Let h(u) = -u**2 + u - 2. Let y be h(w). Let g = y + 9. What is the units digit of g?
5
Let h = 10 - 5. Suppose h*a = -16 + 51. Let r(q) = 2*q + 6. What is the units digit of r(a)?
0
Let p = -4 - -1